
What is the highest common factor of 96 and 8304?
48
Calculate the greatest common factor of 3681 and 6.
3
What is the highest common factor of 224 and 368?
16
What is the greatest common divisor of 1368 and 264?
24
Calculate the highest common factor of 7 and 1134.
7
What is the highest common factor of 46 and 46?
46
Calculate the greatest common divisor of 20 and 245.
5
Calculate the highest common factor of 945 and 1080.
135
What is the highest common divisor of 37 and 1887?
37
Calculate the greatest common factor of 495 and 11.
11
Calculate the highest common divisor of 207 and 3174.
69
What is the greatest common divisor of 49 and 56?
7
Calculate the highest common divisor of 291 and 225.
3
Calculate the highest common factor of 3195 and 30.
15
What is the greatest common divisor of 6309 and 117?
9
What is the greatest common divisor of 21876 and 12?
12
What is the highest common divisor of 1926 and 18?
18
What is the greatest common divisor of 7070 and 101?
101
Calculate the greatest common divisor of 1060 and 100.
20
What is the greatest common divisor of 22 and 1144?
22
Calculate the greatest common factor of 18 and 9.
9
What is the greatest common divisor of 170 and 40?
10
Calculate the greatest common factor of 927 and 1030.
103
Calculate the greatest common divisor of 24 and 300.
12
Calculate the greatest common factor of 252 and 27.
9
Calculate the greatest common factor of 92 and 44068.
92
Calculate the greatest common factor of 8 and 268.
4
Calculate the highest common factor of 21 and 171.
3
Calculate the highest common factor of 2926 and 14.
14
Calculate the greatest common divisor of 4 and 16.
4
What is the highest common divisor of 18 and 846?
18
What is the greatest common factor of 21 and 36428?
7
Calculate the highest common factor of 60 and 25.
5
Calculate the greatest common factor of 33 and 7689.
33
Calculate the greatest common divisor of 7 and 2723.
7
Calculate the greatest common factor of 864 and 16.
16
What is the highest common factor of 332 and 4?
4
Calculate the greatest common factor of 399 and 76.
19
What is the highest common divisor of 403 and 26?
13
Calculate the highest common divisor of 108 and 837.
27
What is the highest common divisor of 574 and 700?
14
What is the greatest common factor of 2 and 59?
1
Calculate the highest common factor of 6 and 222.
6
What is the highest common divisor of 297 and 4983?
33
What is the greatest common divisor of 2340 and 975?
195
Calculate the greatest common factor of 2 and 2.
2
What is the highest common divisor of 5364 and 180?
36
What is the highest common factor of 25 and 785?
5
What is the highest common factor of 53 and 12561?
53
Calculate the greatest common divisor of 707 and 12221.
101
Calculate the highest common divisor of 31 and 8246.
31
Calculate the greatest common divisor of 1431 and 53.
53
What is the highest common factor of 154 and 1958?
22
What is the highest common factor of 33 and 275?
11
Calculate the greatest common factor of 140 and 1420.
20
What is the greatest common factor of 38 and 20311?
19
What is the highest common divisor of 17328 and 380?
76
What is the greatest common divisor of 14023 and 37?
37
What is the highest common divisor of 423 and 1551?
141
Calculate the highest common factor of 272 and 2108.
68
Calculate the greatest common factor of 5 and 18.
1
What is the greatest common divisor of 306 and 272?
34
Calculate the highest common factor of 1362 and 3.
3
Calculate the highest common divisor of 115 and 305.
5
What is the highest common factor of 77 and 2387?
77
Calculate the highest common divisor of 12788 and 644.
92
Calculate the greatest common factor of 11 and 616.
11
What is the greatest common divisor of 6 and 34?
2
What is the greatest common divisor of 204 and 156?
12
Calculate the highest common factor of 128 and 272.
16
What is the highest common divisor of 32 and 432?
16
What is the highest common factor of 113 and 113?
113
What is the highest common factor of 168 and 1491?
21
Calculate the highest common factor of 100 and 180.
20
What is the highest common factor of 10242 and 36?
18
What is the greatest common divisor of 76 and 1178?
38
What is the highest common divisor of 16128 and 126?
126
Calculate the greatest common factor of 608 and 3.
1
What is the greatest common divisor of 5 and 85?
5
Calculate the highest common factor of 110 and 2090.
110
Calculate the highest common factor of 55 and 88.
11
What is the greatest common divisor of 3843 and 63?
63
What is the highest common divisor of 649 and 671?
11
What is the highest common divisor of 13 and 208?
13
What is the greatest common factor of 8 and 11?
1
Calculate the highest common divisor of 644 and 28.
28
What is the greatest common divisor of 8115 and 60?
15
What is the greatest common factor of 195 and 104?
13
Calculate the highest common factor of 980 and 1330.
70
Calculate the highest common divisor of 464 and 29.
29
What is the greatest common divisor of 5522 and 22?
22
Calculate the highest common divisor of 15760 and 80.
80
Calculate the highest common divisor of 1200 and 32.
16
Calculate the highest common divisor of 43 and 43.
43
Calculate the highest common factor of 170 and 2720.
170
What is the highest common divisor of 11 and 26026?
11
What is the highest common factor of 68 and 1462?
34
What is the highest common factor of 32 and 20?
4
Calculate the highest common factor of 9167 and 89.
89
What is the greatest common factor of 3116 and 228?
76
Calculate the greatest common factor of 299 and 138.
23
Calculate the highest common factor of 1 and 80.
1
Calculate the highest common divisor of 12 and 156.
12
What is the highest common divisor of 165 and 3905?
55
Calculate the greatest common divisor of 18 and 22.
2
What is the highest common factor of 39 and 1053?
39
Calculate the highest common divisor of 55 and 55.
55
Calculate the greatest common factor of 235 and 25145.
235
What is the greatest common factor of 1525 and 183?
61
What is the greatest common factor of 187 and 221?
17
What is the highest common factor of 68 and 374?
34
Calculate the highest common factor of 59 and 14042.
59
Calculate the greatest common factor of 37 and 9953.
37
Calculate the highest common factor of 351 and 4482.
27
Calculate the greatest common factor of 308 and 28.
28
Calculate the highest common factor of 17 and 629.
17
What is the greatest common divisor of 884 and 68?
68
Calculate the greatest common factor of 88 and 11.
11
Calculate the highest common divisor of 12 and 1956.
12
Calculate the highest common divisor of 424 and 72.
8
Calculate the highest common divisor of 270 and 216.
54
What is the greatest common divisor of 2156 and 5852?
308
What is the highest common factor of 48 and 16?
16
What is the greatest common factor of 267 and 1424?
89
Calculate the highest common factor of 36 and 348.
12
Calculate the greatest common factor of 175 and 17535.
35
What is the greatest common divisor of 30 and 384?
6
What is the highest common divisor of 245 and 40?
5
Calculate the greatest common divisor of 27 and 17424.
9
Calculate the highest common divisor of 196 and 100.
4
Calculate the highest common divisor of 12594 and 6.
6
Calculate the highest common factor of 138 and 22563.
69
What is the greatest common divisor of 95 and 247?
19
What is the highest common factor of 60 and 48?
12
What is the highest common factor of 4118 and 174?
58
Calculate the highest common divisor of 492 and 24.
12
What is the greatest common divisor of 124 and 31?
31
Calculate the greatest common factor of 12 and 300.
12
Calculate the greatest common divisor of 66 and 48.
6
Calculate the highest common factor of 1911 and 588.
147
What is the greatest common divisor of 30 and 750?
30
What is the highest common factor of 44 and 2772?
44
Calculate the highest common factor of 289 and 68.
17
Calculate the highest common divisor of 80 and 15.
5
What is the greatest common factor of 30 and 1005?
15
What is the highest common factor of 32 and 7976?
8
What is the highest common divisor of 889 and 14?
7
What is the highest common factor of 189 and 27?
27
What is the highest common divisor of 286 and 352?
22
Calculate the greatest common factor of 516 and 36.
12
Calculate the greatest comm